 p be 0 - (-2 + 15 + q). Let v be j(p). Calculate the greatest common factor of 3 and v.
3
Suppose -2*a - 32 = 4*m, -2*a - 4*m = m + 27. Let v = 100 - a. What is the highest common divisor of 14 and v?
14
Let d(a) = -a**3 + 7*a**2 - 5*a - 7. Let p be d(5). Suppose -p = -2*w - w. Calculate the highest common divisor of w and 9.
3
Let n be (-2)/(-8) - (-14277)/12. Let j be n/15 - (-4)/6. What is the greatest common factor of j and 16?
16
Let c(g) = -g**2 + 7*g. Let q be c(6). What is the highest common divisor of q and 2?
2
Suppose 2*d + 2*t - 8 = 6*t, -3*d + 12 = 4*t. Let b be (3/d)/((-1)/(-24)). Suppose -4*c - 1 + 25 = 0. What is the greatest common divisor of c and b?
6
Let w be (20/(-5) - -11) + -4. Suppose 0 + 10 = -5*b, 4*q + 4*b - 172 = 0. Suppose 0 = 3*g - 6*g + q. What is the highest common divisor of g and w?
3
Let k = -73 - -82. What is the greatest common factor of k and 72?
9
Let u(s) = s**3 + s**2 - 3*s + 45. Let b be u(0). Let x(z) = 4*z + 7*z - 2*z. Let h be x(1). Calculate the highest common factor of h and b.
9
Let p be 4/10 + (-2)/5. Suppose 0*t + t + 34 = p. Let q = t - -56. What is the highest common divisor of q and 55?
11
Suppose 0 = -4*z - z - 3*s + 46, z + 2*s = 5. Let u = z + -8. Suppose 1 = 3*h - 2*n - 24, -4*h - u*n + 5 = 0. What is the greatest common divisor of 45 and h?
5
Let o be -5*6*110/(-75). What is the highest common factor of o and 11?
11
Suppose 4*w + 6 = 602. Suppose 3*h - 124 = w. Calculate the greatest common divisor of 13 and h.
13
Let j = -69 + 173. Let p be 8/4*(-1 - 3). Let b be (-52)/p*1*2. Calculate the highest common divisor of b and j.
13
Let d(m) = 5*m**2 + 4. Let c be d(-4). What is the highest common factor of c and 12?
12
Suppose 0 = 4*o - 0*o + 16. Let r = 5 - 16. Let c = o - r. What is the greatest common factor of 49 and c?
7
Let v be 80/14 + 8/28. Let p be 3 + 3/v*0. Calculate the highest common factor of p and 9.
3
Suppose -3*z = -0*k + k - 137, -5*k - 80 = -2*z. Let f = 7 + 5. Let g = f - -6. What is the highest common divisor of z and g?
9
Let h be 1734/27 + (-2)/9. Let z = 146 + -98. Suppose -2*y - z = -5*y. Calculate the greatest common factor of h and y.
16
Let w(g) = 3*g**2 - 4*g + 2. Let p be w(2). Let h(i) = i + 66. Let u be h(0). What is the highest common divisor of p and u?
6
Let q = -320 + 540. Let s = q + -145. Calculate the greatest common divisor of 30 and s.
15
Suppose -1 - 1 = -2*n. Let o = 1 + n. What is the greatest common factor of 2 and o?
2
Suppose 17 + 11 = 4*v. Let t(s) = 4*s + 35. Let i be t(0). Calculate the highest common divisor of i and v.
7
Let i(t) = -18*t + 1. Let l be i(-2). What is the greatest common factor of l and 333?
37
Let z = 522 - 130. Suppose 0 = -3*d - d + z. Suppose -4*w = -6*w + 28. Calculate the highest common divisor of w and d.
14
Let c(k) = -k**2 + 14*k + 3. Let f be 8/(-28) - 103/7. Let i = -6 - f. Let b be c(i). What is the greatest common divisor of 16 and b?
16
Suppose 2*w + 3 = -3. Let b be 18*-1*(1 + w). Calculate the highest common divisor of b and 24.
12
Suppose -m = -5*t + 70, 2*m - 3*m + 60 = 5*t. Let i = 167 + -50. Calculate the greatest common divisor of t and i.
13
Let p = 6 + -3. Suppose -12 = p*u - 66. Let s be 252/10*(3 + 2). Calculate the greatest common factor of s and u.
18
Suppose -28 + 112 = a. Let d = -13 - -25. Calculate the greatest common factor of d and a.
12
Let r be (-10)/20 - (-7)/2. Calculate the highest common factor of r and 12.
3
Let k(c) = -4*c - 1. Let q be k(-2). Suppose 3*n = j - 8, -n + 2 = n. Let s = -10 + j. Calculate the greatest common divisor of q and s.
1
Suppose -37 = -3*l + 2*l - f, f = 5*l - 179. Suppose -2*x + 32 = 2*t, -16 = -6*t + 2*t. Calculate the greatest common factor of x and l.
12
Suppose 6*j - 71 - 37 = 0. Calculate the highest common factor of j and 72.
18
Suppose -11*m - 58 = -212. Suppose 1000 = 5*y + 370. What is the highest common divisor of y and m?
14
Let t = 98 + -66. What is the greatest common factor of 56 and t?
8
Let v be ((-8)/20)/((-2)/(-50)). Let n = v - -51. Suppose -2*q = 0, -4*q = 4*s - n - 63. Calculate the greatest common factor of 13 and s.
13
Suppose 2*u + 102 = -3*k + 5*k, -3*k + 2*u + 157 = 0. What is the greatest common factor of k and 5?
5
Let r be (-1)/(-4) - (-10)/(-8). Let h = 6 - r. Suppose 2 = 2*o - 0*o. What is the greatest common divisor of h and o?
1
Let u be (-46)/(-6) - (-2)/6. Suppose -2*l + 3*l - 96 = -4*m, 0 = 5*m + 2*l - 120. What is the greatest common divisor of m and u?
8
Let t(f) = -f**3 + 12*f**2 - 6*f - 5. Let k be t(7). What is the highest common divisor of k and 22?
22
Suppose -3*c + 23 = -58. Suppose -3*f = -5*h - 0*f + 54, -6 = -h - f. What is the highest common factor of c and h?
9
Suppose 0 = a - 3*f - 9, 2*a - 8 - 5 = f. Let n be 64/a - 2/(-6). Calculate the greatest common divisor of 55 and n.
11
Let i be 37 + 2 - (-2 - -6). What is the highest common divisor of 5 and i?
5
Suppose 2*l = -5*s + 140, -l - 3*l = -4*s + 112. Let h be (0/(-1))/(-2 - 0). Suppose 5*q - 70 = -h*q. Calculate the highest common factor of s and q.
14
Let v be 1/4 + 66/24. Suppose v*j + 3 = 9. Calculate the highest common factor of j and 3.
1
Let d be 7*2 + -1 + 2. Suppose 16 = -8*w + 4*w. Let a = w - -9. Calculate the greatest common factor of d and a.
5
Let x be (-1)/((0 + -1)/2). Suppose 5*y - 70 = -x*v - 3*v, -6 = -y + v. Calculate the highest common divisor of 50 and y.
10
Let q(x) = x**2 + 22*x - 91. Let f be q(-27). What is the greatest common divisor of 33 and f?
11
Let h(j) = -2*j - 6. Let s be h(-5). Let t be s/6 + 476/6. Let k = 7 - -3. What is the highest common divisor of k and t?
10
Let u(w) = 70*w**2 - w + 1. Let l be u(-1). What is the highest common factor of 180 and l?
36
Let u(f) = 2*f**2 + 7*f + 8. Let y be u(-3). Calculate the greatest common factor of y and 2.
1
Let n be 96 + 1 - (-1)/(-1). What is the greatest common factor of 12 and n?
12
Let w be -5*3/(-45)*24. What is the highest common divisor of w and 8?
8
Suppose 4*a = -20, 2*u - 196 + 40 = -4*a. Let d be 3/(175/154 + -1). Calculate the greatest common factor of d and u.
22
Let k(u) = 5*u**2 - 2*u + 2. Suppose 0 = -2*s - 13 + 5. Let a be k(s). What is the greatest common divisor of a and 36?
18
Suppose 0 = -f + 8 - 3. Suppose -3*y + d + 10 = 0, 3*y + 5*d - 15 = f*y. Let o be (-173)/(-5) - 6/(-15). What is the greatest common factor of o and y?
5
Suppose 2*r = u + 39, 14 = 5*r - 4*u - 82. Suppose -40 - r = -5*f. What is the highest common divisor of f and 3?
3
Let t be 15/(-10) - 30/(-4). Suppose y - t*y + 100 = 0. What is the highest common divisor of y and 40?
20
Let y be ((-846)/(-24) - -6) + 3/4. Calculate the greatest common factor of y and 210.
42
Suppose 2*q + 3*q = 70. Let x be ((-2)/2)/(2/(-606)). Let i = x + -205. Calculate the greatest common factor of i and q.
14
Let b = 18 + -3. Suppose r = -0 + b. Let j = 39 - r. Calculate the highest common divisor of 264 and j.
24
Suppose 1 + 3 = 4*j. Let k(f) = 8*f - 1. Let l be k(j). Suppose 0 = 2*y - 3*m + 5*m - 56, -4*m - 28 = -y. Calculate the highest common divisor of l and y.
7
Let r = -55 - -81. Calculate the highest common factor of 2 and r.
2
Suppose 0 = -4*s + u + 561, 4*u - 276 = -2*s - 0*s. Calculate the greatest common factor of s and 20.
20
Let h(z) = z**3 - 8*z**2 + 7*z + 9. Let t be h(7). Calculate the highest common factor of t and 3.
3
Let d = -23 - -36. Suppose 5*j - 7 - d = 0, -3*w = 5*j - 62. Let n be ((-4)/3)/(152/(-798)). Calculate the highest common factor of w and n.
7
Let g be (-6)/(-4)*(-80)/(-15). Let i(o) = 4*o**2 - o - 17. Let d be i(g). Let m be 1*12*(-14)/(-8). What is the greatest common divisor of m and d?
21
Let n = -16 - -21. Let p be (-9)/(-2)*6 - 2. What is the highest common divisor of n and p?
5
Let j be (1/((-2)/4))/(-2). Let n(s) = s**2 - 4*s - 131. Let b be n(14). What is the highest common factor of j and b?
1
Suppose -373 + 23 = -5*y. Let o(q) be the first derivative of -27*q**4/4 + 2*q**3/3 - q + 4. Let w be o(-1). What is the greatest common factor of w and y?
14
Let h = 14 + -9. Suppose h*f + 3*l - 198 = 0, 0*f - 5*f - 2*l = -202. Suppose 0 = -5*u + 26 + 114. Calculate the highest common factor of f and u.
14
Let y(g) = 2*g**2 + 12*g. Let r be y(-12). What is the greatest common